e hundreds digit of 58694183?
1
What is the millions digit of 2101956043?
1
What is the ten thousands digit of 92769159?
6
What is the hundreds digit of 241913362?
3
What is the hundred millions digit of 3962283276?
9
What is the thousands digit of 313360134?
0
What is the ten thousands digit of 405308391?
0
What is the hundred millions digit of 1221643156?
2
What is the hundreds digit of 1049070540?
5
What is the ten millions digit of 205839989?
0
What is the billions digit of 1859571234?
1
What is the hundred millions digit of 109578092?
1
What is the tens digit of 78984187?
8
What is the ten thousands digit of 2070662694?
6
What is the hundred thousands digit of 286184817?
1
What is the ten thousands digit of 23505438?
0
What is the hundreds digit of 65366994?
9
What is the hundreds digit of 132295583?
5
What is the millions digit of 31077761?
1
What is the hundred thousands digit of 612937168?
9
What is the tens digit of 245095245?
4
What is the millions digit of 22316103?
2
What is the units digit of 2453475049?
9
What is the tens digit of 1653369854?
5
What is the hundred thousands digit of 453860?
4
What is the millions digit of 3340456664?
0
What is the thousands digit of 42962552?
2
What is the hundred thousands digit of 353708113?
7
What is the thousands digit of 30450874?
0
What is the units digit of 543342416?
6
What is the hundred millions digit of 1077594649?
0
What is the units digit of 1301508003?
3
What is the ten millions digit of 270182899?
7
What is the ten thousands digit of 8422714?
2
What is the hundred thousands digit of 2281256453?
2
What is the units digit of 6821057739?
9
What is the hundred thousands digit of 115808659?
8
What is the ten millions digit of 69606401?
6
What is the thousands digit of 79893791?
3
What is the ten thousands digit of 93410998?
1
What is the tens digit of 212742261?
6
What is the ten millions digit of 197829457?
9
What is the millions digit of 230815977?
0
What is the billions digit of 1260255494?
1
What is the units digit of 3896416141?
1
What is the hundred millions digit of 156134426?
1
What is the tens digit of 107973488?
8
What is the hundred thousands digit of 90094740?
0
What is the hundreds digit of 17353584?
5
What is the ten millions digit of 111306545?
1
What is the millions digit of 50238620?
0
What is the units digit of 907420436?
6
What is the millions digit of 1049873969?
9
What is the hundreds digit of 120870401?
4
What is the millions digit of 790729213?
0
What is the ten millions digit of 267865508?
6
What is the hundred millions digit of 219343597?
2
What is the tens digit of 11929204?
0
What is the hundred millions digit of 775603582?
7
What is the hundred thousands digit of 1178642?
1
What is the tens digit of 66294790?
9
What is the thousands digit of 25918797?
8
What is the ten thousands digit of 385006625?
0
What is the ten thousands digit of 89196363?
9
What is the ten thousands digit of 15076011?
7
What is the thousands digit of 667590876?
0
What is the units digit of 6713578997?
7
What is the ten thousands digit of 206457806?
5
What is the units digit of 17201348?
8
What is the hundreds digit of 868738399?
3
What is the ten thousands digit of 662028377?
2
What is the hundreds digit of 157830203?
2
What is the billions digit of 3611867927?
3
What is the billions digit of 3800550445?
3
What is the hundred thousands digit of 77825690?
8
What is the millions digit of 881165487?
1
What is the hundreds digit of 2664714682?
6
What is the ten thousands digit of 267509638?
0
What is the thousands digit of 113079862?
9
What is the hundred millions digit of 736317671?
7
What is the hundred thousands digit of 2285147174?
1
What is the units digit of 29628676?
6
What is the ten thousands digit of 236281015?
8
What is the tens digit of 98885665?
6
What is the ten millions digit of 1140291057?
4
What is the millions digit of 551335018?
1
What is the tens digit of 43469231?
3
What is the hundred millions digit of 211748874?
2
What is the ten thousands digit of 14368296?
6
What is the hundred thousands digit of 19542203?
5
What is the ten millions digit of 4094327871?
9
What is the ten thousands digit of 8607067923?
6
What is the hundred millions digit of 116208489?
1
What is the tens digit of 377322099?
9
What is the tens digit of 32595270?
7
What is the millions digit of 9789913?
9
What is the hundred millions digit of 340837094?
3
What is the thousands digit of 195724337?
4
What is the hundred thousands digit of 1102302103?
3
What is the units digit of 507393649?
9
What is the thousands digit of 1255805425?
5
What is the thousands digit of 344587861?
7
What is the ten millions digit of 495010842?
9
What is the units digit of 2997482625?
5
What is the ten thousands digit of 6580966516?
6
What is the millions digit of 702198229?
2
What is the thousands digit of 579701103?
1
What is the ten millions digit of 25158846?
2
What is the tens digit of 1027411579?
7
What is the hundred thousands digit of 26059513?
0
What is the hundred millions digit of 340149130?
3
What is the ten millions digit of 436354363?
3
What is the units digit of 1740973587?
7
What is the hundred millions digit of 330129850?
3
What is the units digit of 62471849?
9
What is the millions digit of 712913960?
2
What is the hundred thousands digit of 81904043?
9
What is the millions digit of 134961405?
4
What is the ten millions digit of 4124957978?
2
What is the millions digit of 73750618?
3
What is the tens digit of 330398477?
7
What is the ten millions digit of 2082732172?
8
What is the units digit of 32811676?
6
What is the units digit of 74343799?
9
What is the millions digit of 1803198588?
3
What is the millions digit of 3558405651?
8
What is the thousands digit of 771631448?
1
What is the tens digit of 122138209?
0
What is the hundred thousands digit of 1319632699?
6
What is the hundreds digit of 128123496?
4
What is the hundred thousands digit of 63230461?
2
What is the hundred thousands digit of 2805784?
8
What is the millions digit of 54944245?
4
What is the hundreds digit of 191068950?
9
What is the millions digit of 2001655910?
1
What is the units digit of 275792876?
6
What is the hundreds digit of 31730793?
7
What is the hundred millions digit of 855717783?
8
What is the tens digit of 64635063?
6
What is the units digit of 73369066?
6
What is the thousands digit of 83821440?
1
What is the thousands digit of 474359514?
9
What is the hundreds digit of 269597513?
5
What is the millions digit of 116305340?
6
What is the hundred thousands digit of 239112096?
1
What is the units digit of 4998075487?
7
What is the thousands digit of 82213282?
3
What is the tens digit of 2910943745?
4
What is the thousands digit of 154987206?
7
What is the millions digit of 724951625?
4
What is the hundreds digit of 720645409?
4
What is the millions digit of 33004035?
3
What is the hundred millions digit of 2387612604?
3
What is the thousands digit of 266474928?
4
What is the hundred millions digit of 444161670?
4
What is the units digit of 327449921?
1
What is the millions digit of 131629596?
1
What is the hundreds digit of 115627473?
4
What is the hundred thousands digit of 2422457280?
4
What is the thousands digit of 82192937?
2
What is the tens digit of 63098?
9
What is the thousands digit of 139497051?
7
What is the ten millions digit of 727178909?
2
What is the tens digit of 263369711?
1
What is the millions digit of 40366887?
0
What is the units digit of 1621216163?
3
What is the hundred millions digit of 394102506?
3
What is the ten millions digit of 667738215?
6
What is the millions digit of 47688218?
7
What is the ten millions digit of 2902321483?
0
What is the millions digit of 237940085?
7
What is the ten millions digit of 60731502?
6
What is the ten millions digit of 87163369?
8
What is the billions digit of 5693248612?
5
What is the ten millions digit of 548328903?
4
What is the ten thousands digit of 48794198?
9
What is the units digit of 289065625?
5
What is the ten millions digit of 112791745?
1
What is the ten thousands digit of 885913927?
1
What is the units digit of 6717194762?
2
What is the millions digit of 271502039?
1
What is the units digit of 385875822?
2
What is the hundreds digit of 393024?
0
Wha